ivative of w**2 + w + 519. What is k(3)?
7
Let x(n) = 7*n**2 - 12*n**2 - 3*n**2 - 12*n**2 - 1 + n. Calculate x(1).
-20
Let o(b) = 7*b + 7. Suppose -5*x = -0*x + 5, k = -5*x - 2. What is o(k)?
28
Let w(j) = -19 + 15 - j + 6*j + 6*j**2. Let m(y) = y**2 + y - 1. Suppose -t = 3 - 2. Let v(f) = t*w(f) + 4*m(f). Give v(-1).
-1
Let f be 6/39 + ((-72)/13)/(-3). Let i(d) = -96 + 2*d - 4*d + 99 + d**3 + 4*d**f. Determine i(-4).
11
Let n be (22/(-44))/(1/(-6)). Let j(s) = -17*s**3 - 2*s**n + s**2 - 53*s + 52*s + s**2. Determine j(1).
-18
Suppose 0 = -3*l - 2*o + 57, 3*o + 1 + 8 = 0. Let y be 5/(-2) - l/(-14). Let p(z) = -16*z**3 + z**2 - 1. Calculate p(y).
16
Let l(h) = -h + 7. Suppose 10*r - 180 = 7*r. Suppose -6*y + r = -0*y. What is l(y)?
-3
Let b(o) = 2*o - 3. Let y = 269 + -265. Calculate b(y).
5
Let u(g) = 32*g - 14. Let y(x) = 0 + 8*x + 5 - 19*x. Let j(n) = -6*u(n) - 17*y(n). Suppose s + 1 = -0*s. Calculate j(s).
4
Let v(b) = -4*b + 2. Let z be 2/1*(-36)/(-8). Suppose -2*l - y = z, 4*y + 5 = -7. Calculate v(l).
14
Let c(y) = 4*y - 21. Let v(a) = -5*a + 25. Let b(f) = 6*c(f) + 5*v(f). Let h(d) = d**3 - 8*d**2 - d + 11. Let k be h(8). What is b(k)?
-4
Let z = -15 - -1. Let m = 1 - -12. Let a = m + z. Let s(u) = -5*u. Calculate s(a).
5
Let v(x) = -2*x - 10*x - 3*x + x**3 + 14*x**2 + 4. Let n be v(-15). Let l(y) = n - y**2 + 4*y + 0*y - 8*y. What is l(-5)?
-1
Let m be (-24)/8 + 7 + -10. Let b(u) = -u**2 - 3*u + 13. Give b(m).
-5
Let r(o) = -2*o - 10. Let b = -28 + 30. Let q be 4*-2 - (b - 3). What is r(q)?
4
Suppose 0 = -3*x + 9 + 6. Suppose 0 = -4*y + 5*g + 40, g - x = -y - 4. Let l(s) = -1 + 3 + 1 + y*s**2 - 7*s**3 + 8*s**3 + 2*s. What is l(-5)?
-7
Let x(o) = 22*o - 1. Suppose -18 = -23*m + 28. What is x(m)?
43
Let r(v) = 6*v**2 + 2 + 9*v - 19*v**3 - 12 + 18*v**3. Let y(g) = -g**3 - 6*g**2 - 7*g - 3. Let m be y(-5). What is r(m)?
4
Let c(u) = 8*u + 6. Let g(z) = -3*z - 4. Let m(p) = p - 1. Let t(r) = g(r) - m(r). Let q = 60 - 54. Let i(o) = q*c(o) + 13*t(o). What is i(-3)?
9
Let n(z) = 2*z + 2. Let p be n(-7). Let x = -7 - p. Let v(k) = 5*k**2 - 1 + k**3 + 2*k + k**3 - 3*k**3. Give v(x).
9
Let m(b) be the second derivative of 1/120*b**6 + 0*b**3 + 0 + 0*b**5 + 1/4*b**4 - 2*b + 0*b**2. Let k(w) be the third derivative of m(w). Calculate k(2).
12
Let q(l) = -12*l**3 + 9*l**2 + 7*l - 7. Let r(o) = -5*o**3 + 4*o**2 + 3*o - 3. Let b(w) = 3*q(w) - 7*r(w). Determine b(0).
0
Let s(a) = -4*a**2 + a. Suppose z - 5*z - 18 = -3*l, 0 = -4*l - 5*z + 24. Let j(m) be the first derivative of -m**2/2 + 7*m + 42. Let r be j(l). Calculate s(r).
-3
Let w(u) = u**2 - 12*u + 14. Suppose -115*o = -107*o - 88. What is w(o)?
3
Let r be 6/(-21) + 8/(-28)*-1. Suppose m - 6 + 1 = r. Let i(h) = h**2 - 6*h + 7. Determine i(m).
2
Let x(u) = 14 + 562*u**3 - 281*u**3 + 8*u + 9*u**2 - 282*u**3. Give x(10).
-6
Let d = 35 - 32. Let s(o) = -4*o**2 - o**d + 0*o**3 + 3*o**2. Calculate s(1).
-2
Let b(m) = -27 - m + m**2 + 5*m + 4 + 13 + 8 - m**3. Suppose 2*w = 4*w - 6. What is b(w)?
-8
Let l be 13/(26/12) - 0. Suppose -h = h - l. Let a(j) = j - 1. What is a(h)?
2
Suppose 0 = -3*i + 5*l + 10 + 14, 5*i = -4*l + 40. Let q(x) = -2 - 5 - 4*x + i. What is q(-1)?
5
Let n(l) = 1 - 5*l**3 + 14*l**3 - 1102*l**2 + 1102*l**2. Calculate n(1).
10
Let o(j) = 7*j + 15. Let w(k) = k - 1. Let z(s) = -o(s) + 5*w(s). Give z(-14).
8
Let s = 1790 + -1792. Let c(q) = -10*q - 2. Calculate c(s).
18
Suppose 4*q = t + 17 - 4, 0 = 2*t - 4*q + 18. Let u(c) = c**3 + 4*c**2 - 6*c - 10. Determine u(t).
-5
Let d = -539 + 529. Let o(z) = z**3 + 10*z**2 - 4*z. Determine o(d).
40
Let k(c) = -c**2 - 9*c + 12. Let p = 206 - 216. Calculate k(p).
2
Suppose -3*p + 159 - 45 = 0. Let w be (-26)/(-4) - (-19)/p. Let h(r) = -r**2 + 7*r - 8. Determine h(w).
-8
Suppose -a + 0 = 4. Let g(k) = -2*k**3 - 15*k**2 + 14*k - 5. Let d(b) = b**3 + 8*b**2 - 8*b + 3. Let r(s) = -7*d(s) - 4*g(s). Determine r(a).
-1
Suppose 0*q + 4 = 4*q. Let n(s) = -15*s - 5 - 20*s + 34*s. Let b(k) = -k. Let m(a) = q*n(a) - 2*b(a). Determine m(6).
1
Suppose -141*b - 51*b - 44*b = 0. Let o(u) = 2 + 2 - u**3 + u + 5. What is o(b)?
9
Let n = -6 + 5. Let h be (-9 + 10)/(1*n). Let d(p) = 5*p**3 - 11*p**2 - 10*p - 6. Let y(i) = i**3 - i**2 - i - 1. Let w(t) = h*d(t) + 6*y(t). Calculate w(-4).
0
Let q(s) = 10*s - 636. Let n be q(64). Let o(f) be the second derivative of -f**3 - 7*f + 4*f**2 + 1/12*f**n + 0. Calculate o(6).
8
Let d(b) be the first derivative of b**2/2 + 6*b - 2. Suppose -a = 2*a + 6. Let o be 5/(-45)*a + 2/(-9). Calculate d(o).
6
Let r(v) = 30*v + 48. Let a(o) = 9*o + 16. Let j(k) = -7*a(k) + 2*r(k). Determine j(-6).
2
Let y(s) = s**2 - 4*s - 5. Suppose 9*f = 6 + 30. What is y(f)?
-5
Suppose 0*f + 5 = -5*f. Let a(v) be the second derivative of v**4/4 + v**3/3 + v**2/2 - 9*v. What is a(f)?
2
Let o(h) be the first derivative of h**4/4 + 4*h**3/3 - 2*h**2 + 6*h - 486. Let w = 1 - 2. Let c(u) = 5*u**3 - u - 1. Let x be c(w). What is o(x)?
1
Let y = 10 + -9. Let j = 33 + y. Suppose j = -5*i + 9. Let a(n) = n**2 + 6*n. Give a(i).
-5
Let s(j) = -22*j**2 + 1. Suppose -28 = -14*b - 42. Give s(b).
-21
Let g(y) = 8*y**2 - 2*y + 1. Let q be 3 + (3 - 2) - -2. Let p(d) = 7*d**2 - 2*d. Let j(s) = q*p(s) - 5*g(s). Calculate j(4).
19
Let o(w) = w**3 + 3*w**2 + 2*w - 1. Let m(i) = 2*i**3 + 4*i**2 - 2. Let l(t) = -m(t) + o(t). Determine l(2).
-7
Let i(s) be the second derivative of -5/2*s**2 + 0 + 1/12*s**4 - 5/6*s**3 + 13*s. Determine i(5).
-5
Let f(o) = -o**2 + 9*o - 7. Let n be 3/(-9) + -2 + 13/3. Suppose -r = -5*u + 32, 13 + 3 = 2*u - n*r. Give f(u).
11
Let q(o) = -3*o**3 + 20*o**2 + 3*o + 13. Let j(r) = -2*r**3 + 11*r**2 + r + 7. Let a(p) = -5*j(p) + 3*q(p). Determine a(-4).
4
Let r(j) be the second derivative of -j**4/12 + j**3/6 + 15*j**2/2 - 12*j + 3. Let c = -6 - -1. Let g be c*2/(-5) - 2. Give r(g).
15
Let n be 4/(-14) - (-9)/7. Let r = -42 + 46. Let s(m) = -r*m + 10*m + 0 - 3*m - n. What is s(-1)?
-4
Let q(u) = -2*u - 14. Let x(p) = -p - 27. Let g be x(-21). Determine q(g).
-2
Let d(h) = -11*h**2 - 26*h - 3. Let b(g) = -11*g**2 - 20*g - 3. Let u(s) = -5*b(s) + 4*d(s). Calculate u(1).
10
Let g be -4 - -2 - (-3 - 5). Let y(w) = 3*w - 4*w**2 - 13*w**3 + 12*w**3 + 2*w - g - 2*w. Determine y(-5).
4
Let a(q) = 7*q - 7. Let z(x) = 3*x - 4. Let s(l) = 2*a(l) - 5*z(l). Calculate s(7).
-1
Suppose -s - g = -2*g - 3, 2*s = -5*g + 6. Suppose h + i = 0, -20 = -s*h + 4*i + 15. Suppose -6*f = -7*f - h. Let r(k) = 2*k + 6. Give r(f).
-4
Let a(y) = -17*y**3 + 4*y**2 + 15*y. Let s(b) = 8*b**3 - 2*b**2 - 7*b. Suppose 8 = -3*w + 26. Let v(r) = w*a(r) + 13*s(r). Give v(-1).
-3
Suppose -2*g + 0*g = 2*y + 22, 4*y + 53 = -5*g. Let q be 18/((-9)/2 + 3). Let w = g - q. Let x(a) = a**2 - 5*a + 3. What is x(w)?
-3
Let k(d) = 7*d + 6. Let z(a) = 4 - 9 + 14 + 11*a. Let u(h) = 8*k(h) - 5*z(h). Let j be 10/(-1 - 1) + 1. What is u(j)?
-1
Let v be (16/36)/(-4)*-3. Let d(h) be the second derivative of -v*h**3 + 0 - 9*h + 0*h**2. Calculate d(-2).
4
Suppose -3*v - 3 = -3*s, -3*s - 9 = 3*v + 6. Let b(f) = -f**3 - 2*f**2 - f - 4. What is b(v)?
8
Let m(i) be the first derivative of 13*i**2/2 - i + 29. Determine m(-2).
-27
Suppose -2*x + 7 - 3 = 0. Let r(j) = -5*j + 3*j - x + 4 + 0*j. Give r(-3).
8
Let r(t) = -2*t + 1. Let c(y) = -y**2 + 7*y - 7. Let n be c(4). Suppose q - 18 = -n*a, 0*a - 3 = -a. Suppose -3*x - 25 = 4*o, q*o + o + 2*x = -22. What is r(o)?
9
Let i(n) = -n**2 - 7*n + 9. Let r be (28/(-35))/((-9)/(-90)). Determine i(r).
1
Suppose 50 = -184*b + 210*b - 80. Let a(w) be the first derivative of -w**3/3 + 3*w**2 + 5*w + 1. Calculate a(b).
10
Let d(n) be the second derivative of n**6/360 - 5*n**4/24 + n**3/3 + 13*n**2 - 13*n. Let b(z) be the second derivative of d(z). What is b(4)?
11
Let s(k) = -k**3 - 20*k**2 + k + 27. Let y be s(-20). Suppose -o + 3*c = -y + 9, 4*c + 29 = -5*o. Let v(w) = -w**2 - 6*w - 6. Give v(o).
-1
Let u(c) = -c**3 + 17*c**2 + 3. Let h be u(17). Let q(v) = v**3 - 2*v**2 - 2*v. What is q(h)?
3
Let q(m) = 9*m**2 - 21*m**2 + 6*m**2 - 14 + 10*m**2 - 3*m**2 + m. Give q(-6).
16
Let q(c) = 8*c**2 - 38*c + 18. Let o be q(4). Let l(b) = -b**3 - 5*b**2 + 5*b - 3. Determine l(o).
3
Let s(w) = 10*w**2 + 0*w + 72*w**3 - 73*w**3 - 10*w + w + 2. Let q(o) = o**3 - 11*o**2 + 10*o - 2.